. Suppose -2*d + k*d - 9532 = -3*o, -1906 = -d - o. Is d prime?
True
Let n = 2 - 4. Let t(d) = -d**2 + 11. Let c be t(3). Is 32 - (-3 + n + c) a composite number?
True
Let d = 23 - 17. Suppose 3*r = -3*v + 1566, -3 = 3*r - d. Is v composite?
False
Suppose -6*j + 3 = -15. Let n be ((-39)/(-26))/(j/8). Suppose n*z + 643 = y, y - 641 = 7*z - 4*z. Is y a composite number?
True
Let o(w) = -8167*w - 717. Is o(-10) composite?
False
Let f be (0 - -244) + -6 + 1 + 0. Let x = f - -434. Suppose -j + 1368 = -x. Is j composite?
True
Let j(y) be the first derivative of 61*y**4/12 + 35*y**3/6 - y**2 + 17. Let w(r) be the second derivative of j(r). Is w(18) composite?
True
Let q(t) = 31438*t**2 - 9*t. Is q(1) a prime number?
False
Suppose 3*x - 1824 - 75 = 0. Let q = -16 + 21. Suppose 2*r = -q*t + x, 3*r + 256 = 2*t + r. Is t a composite number?
False
Suppose 6 = -10*m + 13*m. Suppose 5*u = 3*f - 17, 0*f = m*f + 2*u - 6. Suppose -220 = -2*v - 2*n, f*v - v - 331 = -4*n. Is v composite?
False
Suppose -q + 7 = y + 1, -4*q = -3*y + 25. Suppose y*v - 24 = v. Suppose -3*f + 0*f = w - 1947, -4*f + 2596 = -v*w. Is f a prime number?
False
Is (-12)/84 - (-22117450)/35 a prime number?
True
Let a(x) = -1067*x**3 - 43*x**2 - 200*x - 23. Is a(-6) a prime number?
True
Suppose -5*h + 8723 = n, 3*n - n = -4. Let j = h - -175. Let g = -877 + j. Is g prime?
False
Let z(g) = -24*g - 197. Let r be z(-8). Is 6294 + (17 - 7) + r a composite number?
False
Suppose 29*c = 5*c + 196872. Let g = -4658 + c. Is g a prime number?
False
Let b(l) = 362*l**2 - 31*l + 1253. Is b(-73) prime?
False
Suppose 10*o + 5*o = 10*o + 151055. Is o prime?
True
Let b(c) = 25624*c**2 + 28*c + 25. Is b(-3) a prime number?
False
Suppose 4*z - 3*i = -i + 4, -5*z - 5*i - 25 = 0. Let d(j) = -12*j**3 - 7*j**2 - 2. Let g(f) = f**2 + f + 1. Let y(x) = z*d(x) - 4*g(x). Is y(3) a prime number?
True
Let n(k) = 10*k**3 - 8*k**2 - 32*k + 149. Is n(36) a prime number?
False
Suppose -292*i - 19522986 = -334*i. Is i a composite number?
True
Suppose -19 = -2*j - 5. Let r(t) = 9*t + 2*t**2 + 6 + j*t - 5*t. Is r(-11) a composite number?
False
Suppose -34*h + 50*h - 1140178 = 1244062. Is h prime?
False
Is -13 + (132107/(-5))/(-17)*985 prime?
False
Suppose 0 = -2*m - 5*i + 2235, -3*i + 5616 = -3*m + 8*m. Suppose m = -6*c + 15*c. Suppose -4*b - c = -337. Is b a composite number?
False
Let d(x) = -74*x + 9. Let b be d(2). Let h be (-2)/((-6)/b)*-6. Let i = 637 - h. Is i a composite number?
False
Let y = 60 + -37. Let u be y/(((-10)/254)/(-5)). Suppose 6914 = 4*i + 3*q, -2*i = -q - 531 - u. Is i composite?
True
Suppose 3*d + 7*d = 20. Suppose -2*r - r + 2983 = -d*k, -3*r + 3*k + 2988 = 0. Is r composite?
False
Is ((-13)/2 - -5)*639474/(-9) a composite number?
True
Suppose 0 = -2*s - 2*d + 36, -2*s - 4*d = -6*s + 104. Suppose -s*r = -24*r. Suppose r = 8*o - 12*o + 4856. Is o composite?
True
Let b = -63 + 57. Is b/24 - 3885/(-4) a composite number?
False
Let l(n) = 44*n**3 - 26*n**2 + 49*n - 168. Is l(19) prime?
True
Let z(r) = -r**2 - 3*r + 3. Let a be z(-4). Let b = -831 + 1219. Is (b/8)/(a/(-14)) prime?
False
Let t(n) = 102*n**2 - 29 + 101*n**2 - 42*n - 198*n**2. Is t(36) a composite number?
True
Suppose -q = 4*c + 13 + 1, 4*c + 70 = -5*q. Let h(f) = 6*f + 1 - 19*f - 29*f - 6*f. Is h(q) a prime number?
True
Suppose 3*i = -3*g + 39, 6*i - g - 62 = 2*i. Let m(c) = 29 - 13 + 4*c**2 - 3*c**3 + i*c - 15. Is m(-7) prime?
False
Let d = -215 - -224. Suppose 22*c = d*c + 363233. Is c a prime number?
True
Let h = -314 + 316. Suppose 0 = a - 4, -f + 571 = h*a - 4868. Is f a prime number?
True
Suppose -3*p = -12, 5*i - 11859 = -54*p + 53*p. Is i composite?
False
Let f(z) be the third derivative of -7*z**6/120 + 11*z**5/60 + 11*z**4/24 - 11*z**3/6 + 12*z**2 + 2*z. Is f(-6) composite?
False
Let u = 401 + -832. Let q = -785 - u. Is q/9*(-138)/4 a composite number?
True
Suppose 4*s = 2*d - 273794, s - 50218 = -d + 86679. Is d a prime number?
True
Is -4 + (-570)/(-145) - 46210542/(-406) a composite number?
False
Let z = -13 + 21. Suppose 20 = z*p - 3*p. Is 287 - (1/2*p - 2) a prime number?
False
Let n = 6818 + -3918. Let a = n - 459. Is a a composite number?
False
Is ((-159)/21)/((-21)/434091) prime?
False
Let f(o) = 224*o**2 - 127*o - 4652. Is f(-41) prime?
True
Let b = -264531 - -653588. Is b composite?
False
Let i(u) = 19596*u**3 - 8*u**2 + 19*u + 51. Is i(4) prime?
False
Let q(a) = a**3 - 36*a**2 - 48*a + 696. Is q(47) a prime number?
True
Let k(v) = 355*v - 121. Let u(l) = 28*l - 176. Let i be u(7). Is k(i) composite?
True
Let u(y) = -10*y**2 - 10*y - 34. Let i be u(-4). Is (-2)/14 - 252428/i a prime number?
False
Let l be (8 + -14)*13756/(-8). Suppose -322 = -s + 2*c + l, 2*c = 5*s - 53211. Is s a prime number?
False
Let o(y) = y**2 - 8*y + 484. Let p(l) = l - 1. Let r(m) = o(m) + 5*p(m). Is r(0) a composite number?
False
Suppose 0*w - 3170 = -5*w. Let l = 916 - -625. Let d = l - w. Is d a prime number?
True
Suppose 5*u - 1677949 = 2*y, -4*y + 412 - 400 = 0. Is u a prime number?
True
Suppose 39*k = 34*k + 25. Suppose -30535 = -7*d + 2*d. Suppose -4*i - 2*p + d = 525, 4*i - k*p - 5547 = 0. Is i a composite number?
True
Is (((-200)/30)/10)/((-2)/149043) a prime number?
True
Suppose -430*z + 438*z + 10384 = 0. Let i = z - -2235. Is i a composite number?
False
Let s(v) be the third derivative of v**6/60 - v**5/4 - 5*v**4/24 - 7*v**3/6 - 12*v**2. Let t be 10*(5 - 16/4). Is s(t) prime?
True
Suppose -2 = 4*w + r + 3, -5*w + 20 = -4*r. Let n(s) = -2*s**3 + 2*s + 9277. Is n(w) prime?
True
Let c(g) = 14*g + 7. Let b be c(-2). Let p be (6 - (-140)/b) + 4/6. Suppose 3*v - 5*m - 1181 = p, 0 = -3*v + 3*m - 5*m + 1195. Is v composite?
False
Suppose 2*u + 118213 = 236*v - 231*v, -2*v + 5*u = -47302. Is v prime?
False
Suppose 290 = 5*h + 270, 3*z = -2*h + 146579. Is z a composite number?
False
Is 34/(-85)*(-2 - (-4079286)/(-12)) a composite number?
False
Suppose 3*v + 474 = 3*k, -k + 268 - 95 = -4*v. Let l = k - 100. Is l a prime number?
True
Let j = 55 - 9. Let b = j - 43. Suppose w - 4 = 5*y + 68, 2*y + 281 = b*w. Is w composite?
False
Let b = -329 + 584. Suppose 254*p - b*p = -1943. Is p a prime number?
False
Let j = -8253 + 21716. Is j prime?
True
Suppose -7*a + 28*t + 251763 = 30*t, 4*a = -4*t + 143876. Is a composite?
True
Let n = -514 + 756. Suppose 0 = -2*v + n + 502. Suppose -3*f - 64 = i - v, -5*i + 1490 = 5*f. Is i composite?
False
Suppose 14 = -4*y - 4*a + 38, 2*y - 2*a = -4. Suppose -y*l - 6 = -10. Suppose 4*x - 2*x = 5*i + 1793, 2*x - 1772 = -l*i. Is x a composite number?
True
Let h(w) = -w**3 + 8*w**2 + 13*w - 3. Suppose 0 = -r - 3*a - 2, -7*r - 54 = -4*r - 3*a. Is h(r) a composite number?
False
Let a(o) = 11*o**3 + 10*o**2 - 198*o + 274. Is a(31) a composite number?
False
Suppose -19*k + 48 = -3*k. Suppose n - 2054 = k*o, 5*n - 3*o - 10200 = -2*o. Is n composite?
False
Let r be (7 - 6)*(2 - -2) - 2. Suppose 3*s - 3*g - 588 = 0, -4*g - 4 - 398 = -r*s. Is s a composite number?
False
Let n(d) = -26*d**2 + 34*d + 205. Let w be n(-8). Let x = 2756 - w. Is x a prime number?
False
Let p be (4 + -51)/(((-33)/(-174))/(-11)). Let v = p - -17231. Is v composite?
True
Let d(v) = v + 13. Let t be d(-7). Is (-80626)/(-10) + t/15 prime?
False
Suppose -4*m = -3*y + 105515, 5*m + 21557 + 83957 = 3*y. Is y composite?
True
Let x be (-3)/15 - 46386/(-5). Let v = x - 6210. Is v prime?
True
Suppose u - 11*u + 110254116 = 74*u. Is u prime?
False
Let r(s) = 296*s**2 - 4*s + 22. Let a be r(3). Suppose 6*w + a = 20200. Is w a composite number?
True
Let z(c) = 8*c**3 - 2*c**2 + c. Let v be z(1). Let r(j) = -4*j**2 - 1 - 3 + 14*j + 5*j**3 + 2*j**2. Is r(v) a composite number?
True
Let t = -49682 - -88712. Let u = t + -18781. Is u prime?
True
Let w(f) = 5512*f**3 - 6*f**2 + 6*f - 1. Is w(3) prime?
False
Suppose 0 = p - 46*f + 42*f - 1004259, 5*p = -2*f + 5021471. Is p prime?
False
Let v(d) = 18*d**2 + 15*d - 24. Let x be -4 + 9 - (12 - 0). Is v(x) prime?
False
Let o(w) = -100*w - 29. Suppose -8*c - 102 = -22. Let t be o(c). Suppose 3492 = 3*l - v, 3309 = 2*l - 4*v + t. Is l a prime number?
True
Let w = 28 + -29. Let t be -1*3*w + (-5 - -4135). Let n = -2904 + t. Is n composite?
False
Let t be -2*((-60)/24)/((-5)/3). Let v be (20/50)/(((-3)/10)/t). Is (684/(-30) + -